culate the remainder when 1585 is divided by 69.
67
What is the remainder when 251 is divided by 14?
13
What is the remainder when 3069 is divided by 38?
29
Calculate the remainder when 187 is divided by 39.
31
Calculate the remainder when 1198 is divided by 43.
37
What is the remainder when 1042 is divided by 36?
34
What is the remainder when 21 is divided by 12?
9
What is the remainder when 1430 is divided by 352?
22
Calculate the remainder when 234 is divided by 203.
31
Calculate the remainder when 98 is divided by 29.
11
What is the remainder when 159 is divided by 33?
27
What is the remainder when 98 is divided by 66?
32
Calculate the remainder when 159 is divided by 46.
21
Calculate the remainder when 261 is divided by 63.
9
What is the remainder when 963 is divided by 42?
39
What is the remainder when 3507 is divided by 90?
87
What is the remainder when 524 is divided by 476?
48
What is the remainder when 449 is divided by 7?
1
What is the remainder when 596 is divided by 198?
2
Calculate the remainder when 209 is divided by 33.
11
What is the remainder when 379 is divided by 65?
54
What is the remainder when 440 is divided by 34?
32
Calculate the remainder when 1131 is divided by 42.
39
Calculate the remainder when 123 is divided by 42.
39
What is the remainder when 128 is divided by 51?
26
Calculate the remainder when 657 is divided by 12.
9
What is the remainder when 643 is divided by 213?
4
Calculate the remainder when 2233 is divided by 35.
28
What is the remainder when 47 is divided by 16?
15
What is the remainder when 332 is divided by 89?
65
Calculate the remainder when 382 is divided by 128.
126
Calculate the remainder when 266 is divided by 35.
21
Calculate the remainder when 1337 is divided by 20.
17
What is the remainder when 323 is divided by 322?
1
What is the remainder when 4642 is divided by 145?
2
Calculate the remainder when 1437 is divided by 181.
170
Calculate the remainder when 487 is divided by 477.
10
What is the remainder when 282 is divided by 101?
80
What is the remainder when 398 is divided by 41?
29
What is the remainder when 253 is divided by 15?
13
Calculate the remainder when 91 is divided by 25.
16
What is the remainder when 70 is divided by 41?
29
Calculate the remainder when 5219 is divided by 159.
131
What is the remainder when 573 is divided by 222?
129
What is the remainder when 47 is divided by 9?
2
What is the remainder when 398 is divided by 51?
41
Calculate the remainder when 354 is divided by 203.
151
Calculate the remainder when 86 is divided by 23.
17
What is the remainder when 280 is divided by 95?
90
Calculate the remainder when 199 is divided by 199.
0
What is the remainder when 2223 is divided by 42?
39
Calculate the remainder when 2206 is divided by 1096.
14
What is the remainder when 41 is divided by 2?
1
What is the remainder when 8472 is divided by 20?
12
Calculate the remainder when 1188 is divided by 21.
12
Calculate the remainder when 199 is divided by 102.
97
What is the remainder when 1812 is divided by 590?
42
What is the remainder when 748 is divided by 33?
22
What is the remainder when 247 is divided by 91?
65
What is the remainder when 965 is divided by 88?
85
Calculate the remainder when 8801 is divided by 62.
59
What is the remainder when 6336 is divided by 3167?
2
Calculate the remainder when 13 is divided by 7.
6
What is the remainder when 150 is divided by 51?
48
Calculate the remainder when 636 is divided by 58.
56
What is the remainder when 37750 is divided by 286?
284
Calculate the remainder when 2889 is divided by 34.
33
What is the remainder when 7532 is divided by 11?
8
Calculate the remainder when 52 is divided by 4.
0
What is the remainder when 66 is divided by 39?
27
Calculate the remainder when 252 is divided by 12.
0
Calculate the remainder when 242 is divided by 31.
25
What is the remainder when 8498 is divided by 2831?
5
Calculate the remainder when 101 is divided by 67.
34
Calculate the remainder when 721 is divided by 5.
1
What is the remainder when 190 is divided by 59?
13
Calculate the remainder when 236 is divided by 53.
24
Calculate the remainder when 612 is divided by 41.
38
What is the remainder when 12690 is divided by 20?
10
Calculate the remainder when 12346 is divided by 52.
22
What is the remainder when 276 is divided by 35?
31
Calculate the remainder when 439 is divided by 129.
52
Calculate the remainder when 1941 is divided by 27.
24
Calculate the remainder when 5456 is divided by 78.
74
Calculate the remainder when 417 is divided by 10.
7
Calculate the remainder when 26831 is divided by 12.
11
What is the remainder when 1079 is divided by 60?
59
What is the remainder when 1283 is divided by 1268?
15
Calculate the remainder when 1341 is divided by 12.
9
Calculate the remainder when 444 is divided by 107.
16
What is the remainder when 371 is divided by 27?
20
Calculate the remainder when 106 is divided by 11.
7
Calculate the remainder when 1206 is divided by 31.
28
Calculate the remainder when 449 is divided by 114.
107
What is the remainder when 550 is divided by 20?
10
What is the remainder when 1077 is divided by 228?
165
Calculate the remainder when 4988 is divided by 208.
204
Calculate the remainder when 20 is divided by 5.
0
Calculate the remainder when 106 is divided by 3.
1
What is the remainder when 5582 is divided by 101?
27
Calculate the remainder when 3471 is divided by 29.
20
Calculate the remainder when 130 is divided by 8.
2
Calculate the remainder when 1548 is divided by 307.
13
What is the remainder when 27938 is divided by 44?
42
Calculate the remainder when 191 is divided by 52.
35
What is the remainder when 1379 is divided by 12?
11
What is the remainder when 2339 is divided by 33?
29
What is the remainder when 1698 is divided by 7?
4
What is the remainder when 160 is divided by 75?
10
Calculate the remainder when 33023 is divided by 16.
15
What is the remainder when 13857 is divided by 180?
177
What is the remainder when 497 is divided by 31?
1
What is the remainder when 456 is divided by 115?
111
What is the remainder when 561 is divided by 142?
135
Calculate the remainder when 155 is divided by 19.
3
What is the remainder when 828 is divided by 32?
28
What is the remainder when 177 is divided by 12?
9
Calculate the remainder when 385 is divided by 49.
42
What is the remainder when 528 is divided by 109?
92
Calculate the remainder when 5895 is divided by 24.
15
Calculate the remainder when 821 is divided by 33.
29
What is the remainder when 528 is divided by 38?
34
What is the remainder when 711 is divided by 102?
99
What is the remainder when 453 is divided by 35?
33
Calculate the remainder when 17 is divided by 13.
4
What is the remainder when 46 is divided by 25?
21
Calculate the remainder when 894 is divided by 291.
21
What is the remainder when 2516 is divided by 49?
17
What is the remainder when 825 is divided by 138?
135
What is the remainder when 700 is divided by 11?
7
Calculate the remainder when 46 is divided by 17.
12
Calculate the remainder when 61 is divided by 17.
10
What is the remainder when 1774 is divided by 71?
70
What is the remainder when 133 is divided by 47?
39
Calculate the remainder when 45 is divided by 12.
9
Calculate the remainder when 154 is divided by 31.
30
Calculate the remainder when 636 is divided by 171.
123
Calculate the remainder when 677 is divided by 340.
337
Calculate the remainder when 201 is divided by 12.
9
Calculate the remainder when 38793 is divided by 159.
156
Calculate the remainder when 5791 is divided by 17.
11
Calculate the remainder when 2259 is divided by 174.
171
What is the remainder when 7629 is divided by 7?
6
What is the remainder when 1089 is divided by 109?
108
What is the remainder when 1074 is divided by 152?
10
Calculate the remainder when 59 is divided by 31.
28
Calculate the remainder when 41 is divided by 3.
2
Calculate the remainder when 3773 is divided by 59.
56
What is the remainder when 232 is divided by 69?
25
What is the remainder when 226 is divided by 71?
13
Calculate the remainder when 617 is divided by 253.
111
Calculate the remainder when 91 is divided by 32.
27
Calculate the remainder when 92 is divided by 40.
12
Calculate the remainder when